22. What is the greatest common factor of n and 40?
5
Suppose 3 - 9 = -2*r. Suppose -2*a - r*y + 84 = -76, 0 = 5*y. Let h = 20 - 10. What is the highest common factor of a and h?
10
Let w = 30 - 16. Let y(d) = -24*d + 4. Let a(z) = 1. Let l(v) = 2*a(v) + y(v). Let n be l(-5). What is the greatest common factor of n and w?
14
Let t(r) = -r**3 + 2*r**2 - 8*r + 1. Let i be t(2). Let b(p) = -p**2 + 6*p - 5. Let u be b(6). Let z = u - i. What is the highest common divisor of 25 and z?
5
Suppose 2*f - 3*u + 2 = 15, 15 = -5*u. Suppose -2*w + 3*c = 1 + 3, -4*c = f*w - 10. Let l be 0*w/2 - -288. Calculate the greatest common factor of l and 36.
36
Suppose -20 = -5*x, 0 = -2*p + 5*x - 0*x + 38. Suppose -9 = 2*s - 5*u, -3*s + 0*s = u - p. Calculate the highest common factor of 104 and s.
8
Let b = 45 + -30. Let n be ((1 - 4) + 4)*(-2 + 3). Suppose -4*d - 3*a + 29 = 0, -2*d = -2*a - n - 3. Calculate the greatest common factor of d and b.
5
Suppose -v + 60 = 3*v. Let m(x) = 4*x - 11. Let p be m(9). Let t be (30/p)/(2/5). What is the highest common divisor of t and v?
3
Suppose 3*g - 4 = -13. Let m = g - -6. Let o be 33 + 0 + (m - 3). What is the greatest common divisor of o and 11?
11
Suppose -8206 = -43*k + 41*k - 2*i, 3*i + 12315 = 3*k. Calculate the highest common divisor of 152 and k.
152
Suppose n + 1105 = 3*y, 5*y - 350 = 5*n + 1495. What is the highest common divisor of 192 and y?
16
Let u be (-1)/2*(-2 - -2). Suppose u = 3*f + 4*f - 14. Let y be ((-33)/f)/((-3)/10). Calculate the highest common divisor of y and 22.
11
Let g(d) = d**2 + 3*d - 4. Let u be g(-3). Let c be 24/16 - 10/u. Suppose -t - 2*o = -3 - 9, -c*t + 60 = 2*o. What is the highest common divisor of 2 and t?
2
Let s(w) = 9*w**2 - 4*w - 2. Let t be s(-2). Let o be 14/t + (-26)/(-3). What is the greatest common divisor of 3 and o?
3
Let k(a) = -5*a**2 + 57*a - 7. Let p be k(11). Let z = -1 + 7. What is the greatest common factor of p and z?
3
Suppose 0 = 2*z - 6*z - 1072. Let r be (z/(-6))/(6/18). Let q = r - 70. Calculate the greatest common divisor of q and 16.
16
Let h(a) be the second derivative of a**5/20 + 5*a**4/3 - a**3/3 - 29*a**2/2 + 11*a. Let m be h(-20). Calculate the greatest common factor of 121 and m.
11
Let n(q) be the second derivative of 7*q**4/12 - q**3 - 3*q**2/2 + 33*q. Let b be n(3). Let f = -9 - -37. Calculate the highest common divisor of f and b.
14
Let r(d) = -d + 41 - 2*d**2 - 33 + 2*d**3 + 0*d**2. Let s be r(4). Calculate the highest common factor of 40 and s.
20
Let b = 94 - -75. Calculate the highest common factor of b and 39.
13
Let h(t) = -t - 9. Let p be h(-12). Suppose 154 = -p*i + 10*i. What is the greatest common factor of i and 33?
11
Let h be -5*(-7 + 1 - -2). Suppose -2*a + h = s, 0*a = -2*s + 5*a + 49. Let t(d) = 7*d - 90. Let c be t(16). What is the greatest common divisor of c and s?
22
Let o = -59 - -251. Calculate the highest common divisor of 48 and o.
48
Let y(q) = -45*q - 2 + 46*q - 5. Let c be y(16). What is the highest common factor of c and 45?
9
Suppose -j = -3*l - 126, 5*j - 682 = 7*l - 5*l. Suppose q = 2*t + j, t + 344 = 4*q - 201. Calculate the highest common divisor of q and 17.
17
Let m(c) = 5*c**2 + 22*c - 7. Let w be m(-7). What is the greatest common divisor of 616 and w?
28
Suppose -5*w = -w - 12. Suppose -2*u = -u - w. Suppose 2*x = -f + 5, -5*f + 3 = -u*x + 4. Calculate the highest common divisor of 1 and f.
1
Let b be -16 + 43 + -1 + 9. Calculate the greatest common factor of 735 and b.
35
Let v = 10 + -5. Suppose -2*l + 261 = v*m, -m - m + 111 = 3*l. Calculate the greatest common factor of 17 and m.
17
Let t = -1 + 6. Suppose 0 = -4*y - 2*u + 4, -4*y + 8 = -5*y - t*u. Suppose -y*g + 92 = 2*g. Calculate the greatest common divisor of g and 23.
23
Let d = -74 - -74. Suppose d = -10*j + 8*j + 42. What is the greatest common divisor of j and 231?
21
Let q = 368 + -345. Calculate the greatest common divisor of q and 115.
23
Suppose 0 = r - 4*b - 171, r + 2*b - 47 - 124 = 0. What is the highest common divisor of r and 228?
57
Let v be (-1)/3*(-356 - -74). What is the highest common divisor of 517 and v?
47
Let g be (4 + (2 - 3))/1. Suppose 4*c + 4*z - 41 = -5, 5*c - g*z - 5 = 0. Suppose -17 - 203 = -c*u. Calculate the highest common factor of u and 11.
11
Let g = -128 + 209. Calculate the highest common factor of 18 and g.
9
Suppose -15*o + 534 = -21*o. Let h = 117 + o. What is the highest common factor of h and 112?
28
Let x be (330/75)/(8/100). Suppose 5 = -4*n - 5*z, -3*n + 3*z + 5 = -25. What is the greatest common divisor of n and x?
5
Let l be (104/(-24) - -5)/(4/30). Suppose 0 = 5*w + 3*k - 82, -34 = -w - 0*w - l*k. Calculate the greatest common divisor of w and 70.
14
Suppose 4*o - o = -z + 957, -4*o + 3*z + 1276 = 0. Calculate the highest common divisor of o and 87.
29
Let z(r) = -76*r - 25. Let t be z(-3). Suppose -10*f - 23 = -t. What is the highest common factor of 45 and f?
9
Let z(i) = i**3 - 4*i**2 - 2*i - 11. Let w be z(5). Suppose 6*o - 80 = w*o. What is the greatest common factor of o and 100?
20
Let o = -555 + 578. Calculate the greatest common factor of 483 and o.
23
Let q be (-6)/(-2)*248/3. Let s = 36 - 26. Suppose -12*y + s*y = -62. Calculate the greatest common factor of y and q.
31
Let z(s) = 2*s**2 + 4*s + 5. Let f be 1 - -4*(-1 + 2). Let x be z(f). What is the highest common factor of x and 15?
15
Let y be ((-30)/6)/(-5)*72. Suppose 0 = c - 0*c + 5*u - 34, 0 = 3*c - 3*u - 66. Calculate the highest common divisor of y and c.
24
Suppose 105*a - 285 = 102*a. Calculate the highest common factor of a and 76.
19
Let f(i) = 30*i**2 + i + 21. Let b be f(-6). Calculate the greatest common divisor of 30 and b.
15
Let s be 10 + 0 + -3 + -1. Suppose -3*r = -60 + 48. What is the highest common factor of s and r?
2
Let f be (-14 + 8)*(-13)/2. Let n = 591 - 513. What is the greatest common factor of n and f?
39
Let l(h) = 5*h - 2. Let m be l(2). Let y be 6/(-21) - (-2)/7. Suppose y = -5*o + 57 - 17. What is the highest common factor of o and m?
8
Let a(j) = 5*j**2 + j - 12. Let v(z) = 2*z**2 + z - 6. Let n(t) = 3*a(t) - 7*v(t). Let w be n(3). What is the greatest common divisor of w and 24?
3
Let x(o) = -2*o**3 - 55*o**2 - 29*o + 21. Let d be x(-27). What is the greatest common factor of d and 45?
15
Let c be (-12)/42 - (-9846)/63. What is the highest common factor of 390 and c?
78
Let v = -134 - -158. What is the greatest common divisor of 128 and v?
8
Let f(p) = -37*p + 20. Let w be f(-4). Calculate the greatest common divisor of w and 63.
21
Suppose -4*z + 17 = 5. Suppose 5*k = z*k + 110. Suppose -k = -5*b + 420. What is the greatest common factor of b and 19?
19
Suppose m + 0*m = -m. Suppose 0 = z - 5*y - 25, z - y - 29 = -m*z. What is the highest common divisor of 30 and z?
30
Let a be 97/6 + (-146)/12 + 12. Let k = 307 - 179. Calculate the highest common factor of a and k.
16
Let o be 0*(-2 - -3 - 2). Suppose 4*i - 11 - 5 = o. Let u(j) = 2*j**3 - 5*j**2 + 2*j - 1. Let t be u(i). What is the highest common factor of 11 and t?
11
Suppose -2*s - c - 24 = -3*s, -4*c + 93 = 3*s. Let n be -1 + 19/3 - s/81. Calculate the highest common divisor of 40 and n.
5
Suppose 9*n - 1121 = 1552. What is the highest common factor of 27 and n?
27
Let w be (-12)/(-8)*10/3. Suppose 0*c + 5*c - x + 20 = 0, -2*c - w*x - 35 = 0. Let b = c - -23. What is the highest common factor of b and 27?
9
Let z(f) = -2*f**3 - 2*f**2 + 2*f - 1. Let j be z(-3). Let u = j + -11. What is the highest common divisor of u and 72?
18
Suppose 7*p = 41 + 22. Suppose p*t - 154 = -64. What is the greatest common factor of 70 and t?
10
Suppose 0 = -997*w + 999*w - 208. What is the highest common divisor of w and 91?
13
Let w(p) = 3*p**2 - 13. Suppose 0 = n - 4*n - 18. Let a be w(n). Suppose 2*c - a = c. What is the greatest common divisor of c and 19?
19
Let c be (-5)/(-2)*(493 + 97). What is the greatest common divisor of c and 50?
25
Let n be -11 + (13 + -7 - -166). Suppose 0*t - 115 = 5*t. Let a be 1 - (t - (-3 - -2)). What is the greatest common factor of n and a?
23
Let c(l) = -41*l**3 + 126 - l**2 + 3*l - 44*l**3 + 84*l**3. Let s be c(0). Calculate the highest common divisor of 14 and s.
14
Let x = -10 + 25. Let b be 18/8 + 30/40. Calculate the great